Does 46 divide 543418470?
True
Is 198 a factor of 459360?
True
Is 3869 a factor of 4386834698?
True
Does 575 divide 598443900?
True
Is 7091 a factor of 1426575625?
False
Is 6 a factor of 449663199?
False
Does 14 divide 1122184?
True
Does 600 divide 12855678?
False
Does 5 divide 262565?
True
Is 20 a factor of 1616785482?
False
Does 3516 divide 115896897?
False
Is 237523438 a multiple of 23?
True
Is 2 a factor of 152205273?
False
Does 9076 divide 1090222122?
False
Is 2425440 a multiple of 489?
True
Is 20 a factor of 254468665?
False
Is 156171706 a multiple of 1507?
False
Does 22 divide 11455774?
True
Is 292 a factor of 39498840?
True
Is 1680 a factor of 2580154080?
True
Does 11 divide 59790470?
False
Does 477 divide 78515154?
True
Is 214023009 a multiple of 285?
False
Does 3329 divide 503386865?
False
Is 298 a factor of 42641864?
False
Is 2634 a factor of 108586650?
True
Is 24976070 a multiple of 422?
True
Does 40 divide 511958178?
False
Is 3 a factor of 21338373?
True
Does 69 divide 36339885?
True
Is 46357699 a multiple of 7?
False
Is 79540615 a multiple of 41?
True
Does 82 divide 11851625?
False
Is 312439185 a multiple of 29?
True
Does 246 divide 741817000?
False
Is 44148258 a multiple of 154?
True
Is 262851307 a multiple of 33?
False
Is 9 a factor of 378451289?
False
Is 34308530 a multiple of 97?
False
Does 8 divide 2755290776?
True
Does 3557 divide 145516870?
True
Is 42 a factor of 7997682?
True
Does 43 divide 49863746?
True
Is 58884295 a multiple of 891?
False
Does 1687 divide 338926735?
True
Is 195368283 a multiple of 3?
True
Does 58 divide 124360294?
True
Is 28689717 a multiple of 7?
True
Does 34 divide 2016234?
True
Is 7818 a factor of 2551553726?
False
Is 2800 a factor of 780557540?
False
Is 3518302 a multiple of 218?
True
Does 11 divide 410006?
False
Is 244106973 a multiple of 341?
False
Is 213070200 a multiple of 3138?
True
Is 6 a factor of 8495689?
False
Is 126 a factor of 230385223?
False
Is 91450759 a multiple of 26?
False
Is 92969005 a multiple of 274?
False
Is 311 a factor of 271543660?
False
Does 97 divide 491933061?
False
Is 25 a factor of 14639135?
False
Does 3911 divide 189139871?
True
Is 24 a factor of 49223381?
False
Is 13 a factor of 1599421628?
False
Is 14552164 a multiple of 23?
False
Is 753703625 a multiple of 7?
False
Is 15 a factor of 2479972770?
True
Is 400192868 a multiple of 10?
False
Is 4880 a factor of 261278998?
False
Does 395 divide 40815745?
True
Does 210 divide 7001925?
False
Is 1327 a factor of 690754224?
False
Is 29842956 a multiple of 68?
True
Is 1185854 a multiple of 46?
False
Does 113 divide 1753307?
False
Is 1027 a factor of 2748510804?
True
Is 1040000 a multiple of 250?
True
Does 4481 divide 478965128?
True
Is 67 a factor of 54873633?
False
Is 1133472959 a multiple of 125?
False
Does 19 divide 653720931?
False
Is 288729481 a multiple of 13454?
False
Does 314 divide 108352922?
True
Does 16 divide 8237680?
True
Does 334 divide 343680656?
True
Is 9098530 a multiple of 266?
True
Does 1189 divide 51228550?
False
Does 175 divide 25668586?
False
Does 376 divide 207996560?
False
Is 116 a factor of 19104968?
True
Is 146 a factor of 17503855?
False
Does 9 divide 2152189819?
False
Is 373 a factor of 15303658?
False
Is 31 a factor of 72767144?
False
Is 266324439 a multiple of 757?
False
Does 4 divide 2105283?
False
Does 203 divide 977275?
False
Is 513 a factor of 46545003?
True
Is 132751863 a multiple of 131?
True
Does 535 divide 38344278?
False
Is 340601036 a multiple of 302?
True
Does 98 divide 366679838?
True
Does 1218 divide 75823291?
False
Does 1044 divide 552503592?
True
Does 282 divide 201762258?
True
Is 3863953142 a multiple of 16?
False
Is 45 a factor of 179288280?
True
Does 343 divide 26098825?
False
Is 395898842 a multiple of 86?
False
Does 18 divide 23620644?
True
Is 123 a factor of 28710045?
True
Does 1112 divide 51425552?
True
Is 57214885 a multiple of 65?
True
Is 33718662 a multiple of 8?
False
Is 918 a factor of 7881948?
True
Is 1926 a factor of 96394374?
True
Is 211421989 a multiple of 39?
False
Does 23 divide 12573341?
True
Is 34 a factor of 18502647?
False
Does 11 divide 3321111?
False
Does 2105 divide 779749957?
False
Is 976349373 a multiple of 1621?
True
Is 1274237460 a multiple of 5958?
True
Is 540 a factor of 55797061?
False
Is 35142697 a multiple of 70?
False
Is 4192230 a multiple of 21?
True
Is 79 a factor of 602659637?
True
Is 3946026243 a multiple of 43?
False
Is 90649320 a multiple of 5?
True
Does 31 divide 96550987?
False
Does 9 divide 810362826?
True
Is 136 a factor of 14915841?
False
Does 157 divide 25033943?
False
Is 1729820 a multiple of 3?
False
Does 491 divide 708575135?
False
Is 1377602328 a multiple of 12?
True
Is 82695850 a multiple of 1654?
False
Is 2428201444 a multiple of 35?
False
Does 13495 divide 2378521703?
False
Is 7 a factor of 6706?
True
Does 60 divide 205694228?
False
Is 273582215 a multiple of 995?
True
Is 753 a factor of 77277378?
True
Is 527111601 a multiple of 1507?
False
Does 588 divide 209103972?
True
Is 211428247 a multiple of 1857?
False
Is 32291590 a multiple of 2410?
True
Is 605 a factor of 593082202?
False
Is 8 a factor of 366019345?
False
Does 355 divide 126724026?
False
Is 225672256 a multiple of 172?
True
Is 4 a factor of 275846280?
True
Is 133338049 a multiple of 172?
False
Is 14657893 a multiple of 4?
False
Is 370 a factor of 404097350?
True
Is 8258999 even?
False
Is 4 a factor of 409728431?
False
Is 3317388 a multiple of 143?
False
Is 134 a factor of 166704308?
True
Is 110307300 a multiple of 310?
True
Is 32 a factor of 745612208?
False
Is 20 a factor of 37779860?
True
Does 1085 divide 128613402?
False
Does 5597 divide 1111682443?
False
Is 7864657 a multiple of 43?
True
Is 387730967 a multiple of 361?
True
Is 19731148 a multiple of 23?
True
Is 4658 a factor of 1054506046?
False
Does 156 divide 134491188?
True
Is 15 a factor of 21505110?
True
Does 113 divide 14589564?
False
Is 53431667 a multiple of 4418?
False
Is 23 a factor of 161662987?
False
Does 539 divide 106208872?
True
Is 35 a factor of 109321975?
True
Is 75 a factor of 11072775?
True
Does 498 divide 7826568?
True
Does 138 divide 747911839?
False
Is 69598616 a multiple of 538?
False
Does 315 divide 18140630?
False
Is 503554936 a multiple of 7?
False
Does 23 divide 16019365?
False
Is 111850569 a multiple of 9?
True
Is 18959024 a multiple of 16?
True
Does 2 divide 34194983?
False
Does 96 divide 1577223456?
True
Does 3351 divide 190216720?
False
Is 46 a factor of 79701769?
False
Does 1050 divide 191240700?
True
Is 18 a factor of 1274257206?
True
Is 81182352 a multiple of 447?
True
Is 345 a factor of 93050230?
False
Is 743831019 a multiple of 1767?
True
Does 11 divide 44964472?
False
Is 625 a factor of 9927500?
True
Is 19142552 a multiple of 88?
True
Is 165140980 a multiple of 16?
False
Is 41 a factor of 25583528?
False
Is 19 a factor of 16958483?
False
Does 447 divide 305449457?
False
Does 4 divide 9265351?
False
Does 572 divide 348605608?
False
Does 3 divide 1154154?
True
Does 36 divide 40129344?
True
Is 71718408 a multiple of 1608?
True
Is 65254323 a multiple of 66?
False
Is 6430699038 a multiple of 102?
True
Does 18 divide 439000759?
False
Is 38329874 a multiple of 81?
False
Is 29061312 a multiple of 12?
True
Is 466774282 a multiple of 46?
True
Does 304 divide 2280186352?
True
Is 55 a factor of 5437045?
False
Is 107491425 a multiple of 25?
True
Is 649123384 a multiple of 49?
True
Does 5610 divide 1334559474?
False
Is 54976080 a multiple of 410?
True
Is 393 a factor of 6240054?
True
Is 1734 a factor of 1060304155?
False
Is 1171595338 a multiple of 31?
True
Is 11344116 a multiple of 14?
True
Does 768 divide 8311296?
True
Is 378 a factor of 6878088?
True
Is 3661692220 a multiple of 60?
False
Does 12 divide 13144716?
True
Is 43 a factor of 896876588?
False
Is 1645 a factor of 376068385?
True
Does 12 divide 1243942768?
False
Is 34 a factor of 35538942?
True
Does 15 divide 803850705?
True
Is 273 a factor of 11426881?
False
Does 42 divide 30101638?
False
Is 20897240 a multiple of 20?
True
Is 19597836 a multiple of 1959?
True
Is 214 a factor of 22193512?
True
Is 30707688 a multiple of 902?
True
Does 15 divide 337547220?
True
Is 351963014 a multiple of 29?
False
Does 59 divide 3307304?
True
Is 11